{"id":7386,"date":"2020-01-08T09:54:48","date_gmt":"2020-01-08T09:54:48","guid":{"rendered":"https:\/\/www.produccions.tv\/equip\/"},"modified":"2024-02-21T13:11:03","modified_gmt":"2024-02-21T14:11:03","slug":"equipo","status":"publish","type":"page","link":"https:\/\/www.produccions.tv\/es\/equipo\/","title":{"rendered":"El equipo"},"content":{"rendered":"<p>[et_pb_section fb_built=\u00bb1&#8243; _builder_version=\u00bb4.24.0&#8243; _module_preset=\u00bb7da629bc-f18e-46b1-837f-798238a3c77e\u00bb background_image=\u00bbhttps:\/\/www.produccions.tv\/wp-content\/uploads\/2024\/01\/equip-productora-audiovisual-especialitzada-videomarketing-PuntTV-scaled.jpg\u00bb global_colors_info=\u00bb{}\u00bb][et_pb_row _builder_version=\u00bb4.24.0&#8243; _module_preset=\u00bbdefault\u00bb global_colors_info=\u00bb{}\u00bb][et_pb_column type=\u00bb4_4&#8243; _builder_version=\u00bb4.24.0&#8243; _module_preset=\u00bbdefault\u00bb global_colors_info=\u00bb{}\u00bb][et_pb_text _builder_version=\u00bb4.24.0&#8243; _module_preset=\u00bbdefault\u00bb background_layout=\u00bbdark\u00bb custom_margin=\u00bb|-3px||||\u00bb header_font_size_tablet=\u00bb\u00bb header_font_size_phone=\u00bb36px\u00bb header_font_size_last_edited=\u00bbon|phone\u00bb global_colors_info=\u00bb{}\u00bb]<\/p>\n<h1>El equipo de profesionales en producciones audiovisuales<\/h1>\n<p>[\/et_pb_text][\/et_pb_column][\/et_pb_row][\/et_pb_section][et_pb_section fb_built=\u00bb1&#8243; _builder_version=\u00bb4.24.0&#8243; _module_preset=\u00bbdefault\u00bb global_colors_info=\u00bb{}\u00bb][et_pb_row column_structure=\u00bb3_5,2_5&#8243; _builder_version=\u00bb4.24.0&#8243; _module_preset=\u00bbdefault\u00bb global_colors_info=\u00bb{}\u00bb][et_pb_column type=\u00bb3_5&#8243; _builder_version=\u00bb4.24.0&#8243; _module_preset=\u00bbdefault\u00bb global_colors_info=\u00bb{}\u00bb][et_pb_text _builder_version=\u00bb4.24.0&#8243; _module_preset=\u00bbdefault\u00bb global_colors_info=\u00bb{}\u00bb]Conoce al equipo de profesionales de producciones audiovisuales detr\u00e1s de PuntTV. La formaci\u00f3n, experiencia y profesionalidad son los pilares que nos han permitido crear un grupo de trabajo s\u00f3lido y multidisciplinar desde 2001. Trabajamos siempre con ideas innovadoras que hacen que nuestras creaciones vayan m\u00e1s all\u00e1 en materia audiovisual.[\/et_pb_text][\/et_pb_column][et_pb_column type=\u00bb2_5&#8243; _builder_version=\u00bb4.24.0&#8243; _module_preset=\u00bbdefault\u00bb global_colors_info=\u00bb{}\u00bb][\/et_pb_column][\/et_pb_row][et_pb_row column_structure=\u00bb1_4,1_4,1_4,1_4&#8243; custom_padding_last_edited=\u00bbon|phone\u00bb _builder_version=\u00bb4.24.0&#8243; custom_margin=\u00bb||||false|false\u00bb custom_padding_tablet=\u00bb||||false|false\u00bb custom_padding_phone=\u00bb||0px||false|false\u00bb global_colors_info=\u00bb{}\u00bb][et_pb_column type=\u00bb1_4&#8243; _builder_version=\u00bb4.16&#8243; global_colors_info=\u00bb{}\u00bb][et_pb_team_member name=\u00bbJordi Escofet\u00bb position=\u00bbCEO de la productora\u00bb _builder_version=\u00bb4.24.0&#8243; _module_preset=\u00bbdefault\u00bb global_colors_info=\u00bb{}\u00bb]<\/p>\n<p>Apasionado de las nuevas tecnolog\u00edas.<\/p>\n<p><a href=\"mailto:jescofet@punttv.net\">jescofet@punttv.net<\/a><\/p>\n<p>[\/et_pb_team_member][\/et_pb_column][et_pb_column type=\u00bb1_4&#8243; _builder_version=\u00bb4.16&#8243; global_colors_info=\u00bb{}\u00bb][et_pb_team_member name=\u00bbJordi Aymerich\u00bb position=\u00bbJefe de proyectos\u00bb _builder_version=\u00bb4.24.0&#8243; _module_preset=\u00bbdefault\u00bb global_colors_info=\u00bb{}\u00bb]<\/p>\n<p>Transmite al mundo audiovisual su sensibilidad ante los peque\u00f1os detalles.<\/p>\n<p><a href=\"mailto:jaymerich@punttv.net\">jaymerich@punttv.net<\/a><\/p>\n<p>[\/et_pb_team_member][\/et_pb_column][et_pb_column type=\u00bb1_4&#8243; _builder_version=\u00bb4.16&#8243; global_colors_info=\u00bb{}\u00bb][et_pb_team_member name=\u00bbArnau Paun\u00e9\u00bb position=\u00bbImaginativo y observador\u00bb _builder_version=\u00bb4.24.0&#8243; _module_preset=\u00bbdefault\u00bb global_colors_info=\u00bb{}\u00bb]<\/p>\n<p>Me gusta plasmar en im\u00e1genes las cosas que me rodean.<\/p>\n<p><a href=\"mailto:apaune@punttv.net\">apaune@punttv.net<\/a><\/p>\n<p>[\/et_pb_team_member][\/et_pb_column][et_pb_column type=\u00bb1_4&#8243; _builder_version=\u00bb4.16&#8243; global_colors_info=\u00bb{}\u00bb][\/et_pb_column][\/et_pb_row][et_pb_row column_structure=\u00bb1_4,1_4,1_4,1_4&#8243; custom_padding_last_edited=\u00bbon|phone\u00bb _builder_version=\u00bb4.24.0&#8243; custom_padding_tablet=\u00bb\u00bb custom_padding_phone=\u00bb0px||||false|false\u00bb global_colors_info=\u00bb{}\u00bb][et_pb_column type=\u00bb1_4&#8243; _builder_version=\u00bb4.16&#8243; global_colors_info=\u00bb{}\u00bb][et_pb_team_member name=\u00bbCl\u00e0udia Mart\u00edn\u00bb position=\u00bbDise\u00f1adora gr\u00e1fica y motion grapher\u00bb _builder_version=\u00bb4.24.0&#8243; _module_preset=\u00bbdefault\u00bb global_colors_info=\u00bb{}\u00bb]<\/p>\n<p>Ofreciendo soluciones audiovisuales creativas.<\/p>\n<p><a href=\"mailto:cmartin@punttv.net\">cmartin@punttv.net<\/a><\/p>\n<p>[\/et_pb_team_member][\/et_pb_column][et_pb_column type=\u00bb1_4&#8243; _builder_version=\u00bb4.16&#8243; global_colors_info=\u00bb{}\u00bb][et_pb_team_member name=\u00bbAleix Jov\u00e9\u00bb position=\u00bbOperador de c\u00e1mara\u00bb _builder_version=\u00bb4.24.0&#8243; _module_preset=\u00bbdefault\u00bb global_colors_info=\u00bb{}\u00bb]<\/p>\n<p>Con un buen ojo para la fotograf\u00eda<\/p>\n<p><a href=\"mailto:ajove@punttv.net\">ajove@punttv.net<\/a><\/p>\n<p>[\/et_pb_team_member][\/et_pb_column][et_pb_column type=\u00bb1_4&#8243; _builder_version=\u00bb4.16&#8243; global_colors_info=\u00bb{}\u00bb][\/et_pb_column][et_pb_column type=\u00bb1_4&#8243; _builder_version=\u00bb4.16&#8243; global_colors_info=\u00bb{}\u00bb][\/et_pb_column][\/et_pb_row][\/et_pb_section][et_pb_section fb_built=\u00bb1&#8243; _builder_version=\u00bb4.24.0&#8243; _module_preset=\u00bbdefault\u00bb background_color=\u00bbgcid-b647e106-9aaf-4427-b21e-d397c0965e1f\u00bb global_module=\u00bb10722&#8243; saved_tabs=\u00bball\u00bb global_colors_info=\u00bb{%22gcid-b647e106-9aaf-4427-b21e-d397c0965e1f%22:%91%22background_color%22%93}\u00bb][et_pb_row _builder_version=\u00bb4.24.0&#8243; _module_preset=\u00bbdefault\u00bb custom_margin=\u00bb||0px||false|false\u00bb custom_padding=\u00bb||0px||false|false\u00bb global_colors_info=\u00bb{}\u00bb][et_pb_column type=\u00bb4_4&#8243; _builder_version=\u00bb4.24.0&#8243; _module_preset=\u00bbdefault\u00bb global_colors_info=\u00bb{}\u00bb][et_pb_text _builder_version=\u00bb4.24.0&#8243; _module_preset=\u00bbdefault\u00bb text_orientation=\u00bbcenter\u00bb background_layout=\u00bbdark\u00bb custom_margin=\u00bb||15px||false|false\u00bb global_colors_info=\u00bb{}\u00bb]<\/p>\n<h2>Clientes satisfechos<\/h2>\n<p>[\/et_pb_text][\/et_pb_column][\/et_pb_row][et_pb_row _builder_version=\u00bb4.24.0&#8243; _module_preset=\u00bbdefault\u00bb width=\u00bb100%\u00bb max_width=\u00bb100%\u00bb custom_padding=\u00bb0px||0px||false|false\u00bb global_colors_info=\u00bb{}\u00bb][et_pb_column type=\u00bb4_4&#8243; _builder_version=\u00bb4.24.0&#8243; _module_preset=\u00bbdefault\u00bb global_colors_info=\u00bb{}\u00bb][gs_logo_slider shortcode=\u00bb1&#8243; _builder_version=\u00bb4.24.0&#8243; _module_preset=\u00bbdefault\u00bb global_colors_info=\u00bb{}\u00bb][\/gs_logo_slider][\/et_pb_column][\/et_pb_row][\/et_pb_section][et_pb_section fb_built=\u00bb1&#8243; _builder_version=\u00bb4.24.0&#8243; _module_preset=\u00bbdefault\u00bb global_module=\u00bb10721&#8243; saved_tabs=\u00bball\u00bb global_colors_info=\u00bb{}\u00bb][et_pb_row _builder_version=\u00bb4.24.0&#8243; _module_preset=\u00bbdefault\u00bb global_colors_info=\u00bb{}\u00bb][et_pb_column type=\u00bb4_4&#8243; _builder_version=\u00bb4.24.0&#8243; _module_preset=\u00bbdefault\u00bb global_colors_info=\u00bb{}\u00bb][et_pb_text _builder_version=\u00bb4.24.0&#8243; _module_preset=\u00bbdefault\u00bb text_orientation=\u00bbcenter\u00bb global_colors_info=\u00bb{}\u00bb]<\/p>\n<h2>Queremos contar tu historia<\/h2>\n<p>[\/et_pb_text][et_pb_cta title=\u00bbSabemos que tienes mucho que contar.\u00bb button_url=\u00bb@ET-DC@eyJkeW5hbWljIjp0cnVlLCJjb250ZW50IjoicG9zdF9saW5rX3VybF9wYWdlIiwic2V0dGluZ3MiOnsicG9zdF9pZCI6IjQ4NjUifX0=@\u00bb button_text=\u00bbContactar\u00bb _builder_version=\u00bb4.24.0&#8243; _dynamic_attributes=\u00bbbutton_url\u00bb _module_preset=\u00bbdefault\u00bb header_level=\u00bbh3&#8243; text_orientation=\u00bbcenter\u00bb module_alignment=\u00bbcenter\u00bb global_colors_info=\u00bb{}\u00bb]<\/p>\n<p>Conf\u00eda en PuntTV para dar vida e imagen a todo lo que quieres decir, pero no sabes como. Solo tienes que ponerte en contacto con nosotros, y nosotros nos encargamos del resto.<\/p>\n<p>[\/et_pb_cta][\/et_pb_column][\/et_pb_row][\/et_pb_section]<\/p>\n","protected":false},"excerpt":{"rendered":"<p>El equipo de profesionales en producciones audiovisualesConoce al equipo de profesionales de producciones audiovisuales detr\u00e1s de PuntTV. La formaci\u00f3n, experiencia y profesionalidad son los pilares que nos han permitido crear un grupo de trabajo s\u00f3lido y multidisciplinar desde 2001. Trabajamos siempre con ideas innovadoras que hacen que nuestras creaciones vayan m\u00e1s all\u00e1 en materia audiovisual.Apasionado [&hellip;]<\/p>\n","protected":false},"author":2,"featured_media":0,"parent":0,"menu_order":0,"comment_status":"closed","ping_status":"closed","template":"","meta":{"_acf_changed":false,"_et_pb_use_builder":"on","_et_pb_old_content":"","_et_gb_content_width":"","content-type":"","footnotes":""},"dipi_cpt_category":[],"acf":[],"_links":{"self":[{"href":"https:\/\/www.produccions.tv\/es\/wp-json\/wp\/v2\/pages\/7386"}],"collection":[{"href":"https:\/\/www.produccions.tv\/es\/wp-json\/wp\/v2\/pages"}],"about":[{"href":"https:\/\/www.produccions.tv\/es\/wp-json\/wp\/v2\/types\/page"}],"author":[{"embeddable":true,"href":"https:\/\/www.produccions.tv\/es\/wp-json\/wp\/v2\/users\/2"}],"replies":[{"embeddable":true,"href":"https:\/\/www.produccions.tv\/es\/wp-json\/wp\/v2\/comments?post=7386"}],"version-history":[{"count":23,"href":"https:\/\/www.produccions.tv\/es\/wp-json\/wp\/v2\/pages\/7386\/revisions"}],"predecessor-version":[{"id":13069,"href":"https:\/\/www.produccions.tv\/es\/wp-json\/wp\/v2\/pages\/7386\/revisions\/13069"}],"wp:attachment":[{"href":"https:\/\/www.produccions.tv\/es\/wp-json\/wp\/v2\/media?parent=7386"}],"wp:term":[{"taxonomy":"dipi_cpt_category","embeddable":true,"href":"https:\/\/www.produccions.tv\/es\/wp-json\/wp\/v2\/dipi_cpt_category?post=7386"}],"curies":[{"name":"wp","href":"https:\/\/api.w.org\/{rel}","templated":true}]}}

<p>[et_pb_section fb_built=»1&#8243; _builder_version=»4.24.0&#8243; _module_preset=»7da629bc-f18e-46b1-837f-798238a3c77e» background_image=»https://www.produccions.tv/wp-content/uploads/2024/01/equip-productora-audiovisual-especialitzada-videomarketing-PuntTV-scaled.jpg» global_colors_info=»{}»][et_pb_row _builder_version=»4.24.0&#8243; _module_preset=»default» global_colors_info=»{}»][et_pb_column type=»4_4&#8243; _builder_version=»4.24.0&#8243; _module_preset=»default» global_colors_info=»{}»][et_pb_text _builder_version=»4.24.0&#8243; _module_preset=»default» background_layout=»dark» custom_margin=»|-3px||||» header_font_size_tablet=»» header_font_size_phone=»36px» header_font_size_last_edited=»on|phone» global_colors_info=»{}»]</p>
<h1>El equipo de profesionales en producciones audiovisuales</h1>
<p>[/et_pb_text][/et_pb_column][/et_pb_row][/et_pb_section][et_pb_section fb_built=»1&#8243; _builder_version=»4.24.0&#8243; _module_preset=»default» global_colors_info=»{}»][et_pb_row column_structure=»3_5,2_5&#8243; _builder_version=»4.24.0&#8243; _module_preset=»default» global_colors_info=»{}»][et_pb_column type=»3_5&#8243; _builder_version=»4.24.0&#8243; _module_preset=»default» global_colors_info=»{}»][et_pb_text _builder_version=»4.24.0&#8243; _module_preset=»default» global_colors_info=»{}»]Conoce al equipo de profesionales de producciones audiovisuales detrás de PuntTV. La formación, experiencia y profesionalidad son los pilares que nos han permitido crear un grupo de trabajo sólido y multidisciplinar desde 2001. Trabajamos siempre con ideas innovadoras que hacen que nuestras creaciones vayan más allá en materia audiovisual.[/et_pb_text][/et_pb_column][et_pb_column type=»2_5&#8243; _builder_version=»4.24.0&#8243; _module_preset=»default» global_colors_info=»{}»][/et_pb_column][/et_pb_row][et_pb_row column_structure=»1_4,1_4,1_4,1_4&#8243; custom_padding_last_edited=»on|phone» _builder_version=»4.24.0&#8243; custom_margin=»||||false|false» custom_padding_tablet=»||||false|false» custom_padding_phone=»||0px||false|false» global_colors_info=»{}»][et_pb_column type=»1_4&#8243; _builder_version=»4.16&#8243; global_colors_info=»{}»][et_pb_team_member name=»Jordi Escofet» position=»CEO de la productora» _builder_version=»4.24.0&#8243; _module_preset=»default» global_colors_info=»{}»]</p>
<p>Apasionado de las nuevas tecnologías.</p>
<p><a href="mailto:jescofet@punttv.net">jescofet@punttv.net</a></p>
<p>[/et_pb_team_member][/et_pb_column][et_pb_column type=»1_4&#8243; _builder_version=»4.16&#8243; global_colors_info=»{}»][et_pb_team_member name=»Jordi Aymerich» position=»Jefe de proyectos» _builder_version=»4.24.0&#8243; _module_preset=»default» global_colors_info=»{}»]</p>
<p>Transmite al mundo audiovisual su sensibilidad ante los pequeños detalles.</p>
<p><a href="mailto:jaymerich@punttv.net">jaymerich@punttv.net</a></p>
<p>[/et_pb_team_member][/et_pb_column][et_pb_column type=»1_4&#8243; _builder_version=»4.16&#8243; global_colors_info=»{}»][et_pb_team_member name=»Arnau Pauné» position=»Imaginativo y observador» _builder_version=»4.24.0&#8243; _module_preset=»default» global_colors_info=»{}»]</p>
<p>Me gusta plasmar en imágenes las cosas que me rodean.</p>
<p><a href="mailto:apaune@punttv.net">apaune@punttv.net</a></p>
<p>[/et_pb_team_member][/et_pb_column][et_pb_column type=»1_4&#8243; _builder_version=»4.16&#8243; global_colors_info=»{}»][/et_pb_column][/et_pb_row][et_pb_row column_structure=»1_4,1_4,1_4,1_4&#8243; custom_padding_last_edited=»on|phone» _builder_version=»4.24.0&#8243; custom_padding_tablet=»» custom_padding_phone=»0px||||false|false» global_colors_info=»{}»][et_pb_column type=»1_4&#8243; _builder_version=»4.16&#8243; global_colors_info=»{}»][et_pb_team_member name=»Clàudia Martín» position=»Diseñadora gráfica y motion grapher» _builder_version=»4.24.0&#8243; _module_preset=»default» global_colors_info=»{}»]</p>
<p>Ofreciendo soluciones audiovisuales creativas.</p>
<p><a href="mailto:cmartin@punttv.net">cmartin@punttv.net</a></p>
<p>[/et_pb_team_member][/et_pb_column][et_pb_column type=»1_4&#8243; _builder_version=»4.16&#8243; global_colors_info=»{}»][et_pb_team_member name=»Aleix Jové» position=»Operador de cámara» _builder_version=»4.24.0&#8243; _module_preset=»default» global_colors_info=»{}»]</p>
<p>Con un buen ojo para la fotografía</p>
<p><a href="mailto:ajove@punttv.net">ajove@punttv.net</a></p>
<p>[/et_pb_team_member][/et_pb_column][et_pb_column type=»1_4&#8243; _builder_version=»4.16&#8243; global_colors_info=»{}»][/et_pb_column][et_pb_column type=»1_4&#8243; _builder_version=»4.16&#8243; global_colors_info=»{}»][/et_pb_column][/et_pb_row][/et_pb_section][et_pb_section fb_built=»1&#8243; _builder_version=»4.24.0&#8243; _module_preset=»default» background_color=»gcid-b647e106-9aaf-4427-b21e-d397c0965e1f» global_module=»10722&#8243; saved_tabs=»all» global_colors_info=»{%22gcid-b647e106-9aaf-4427-b21e-d397c0965e1f%22:%91%22background_color%22%93}»][et_pb_row _builder_version=»4.24.0&#8243; _module_preset=»default» custom_margin=»||0px||false|false» custom_padding=»||0px||false|false» global_colors_info=»{}»][et_pb_column type=»4_4&#8243; _builder_version=»4.24.0&#8243; _module_preset=»default» global_colors_info=»{}»][et_pb_text _builder_version=»4.24.0&#8243; _module_preset=»default» text_orientation=»center» background_layout=»dark» custom_margin=»||15px||false|false» global_colors_info=»{}»]</p>
<h2>Clientes satisfechos</h2>
<p>[/et_pb_text][/et_pb_column][/et_pb_row][et_pb_row _builder_version=»4.24.0&#8243; _module_preset=»default» width=»100%» max_width=»100%» custom_padding=»0px||0px||false|false» global_colors_info=»{}»][et_pb_column type=»4_4&#8243; _builder_version=»4.24.0&#8243; _module_preset=»default» global_colors_info=»{}»][gs_logo_slider shortcode=»1&#8243; _builder_version=»4.24.0&#8243; _module_preset=»default» global_colors_info=»{}»][/gs_logo_slider][/et_pb_column][/et_pb_row][/et_pb_section][et_pb_section fb_built=»1&#8243; _builder_version=»4.24.0&#8243; _module_preset=»default» global_module=»10721&#8243; saved_tabs=»all» global_colors_info=»{}»][et_pb_row _builder_version=»4.24.0&#8243; _module_preset=»default» global_colors_info=»{}»][et_pb_column type=»4_4&#8243; _builder_version=»4.24.0&#8243; _module_preset=»default» global_colors_info=»{}»][et_pb_text _builder_version=»4.24.0&#8243; _module_preset=»default» text_orientation=»center» global_colors_info=»{}»]</p>
<h2>Queremos contar tu historia</h2>
<p>[/et_pb_text][et_pb_cta title=»Sabemos que tienes mucho que contar.» button_url=»@ET-DC@eyJkeW5hbWljIjp0cnVlLCJjb250ZW50IjoicG9zdF9saW5rX3VybF9wYWdlIiwic2V0dGluZ3MiOnsicG9zdF9pZCI6IjQ4NjUifX0=@» button_text=»Contactar» _builder_version=»4.24.0&#8243; _dynamic_attributes=»button_url» _module_preset=»default» header_level=»h3&#8243; text_orientation=»center» module_alignment=»center» global_colors_info=»{}»]</p>
<p>Confía en PuntTV para dar vida e imagen a todo lo que quieres decir, pero no sabes como. Solo tienes que ponerte en contacto con nosotros, y nosotros nos encargamos del resto.</p>
<p>[/et_pb_cta][/et_pb_column][/et_pb_row][/et_pb_section]</p>

<p>El equipo de profesionales en producciones audiovisualesConoce al equipo de profesionales de producciones audiovisuales detrás de PuntTV. La formación, experiencia y profesionalidad son los pilares que nos han permitido crear un grupo de trabajo sólido y multidisciplinar desde 2001. Trabajamos siempre con ideas innovadoras que hacen que nuestras creaciones vayan más allá en materia audiovisual.Apasionado [&hellip;]</p>
