{"id":8070,"date":"2019-12-23T09:34:38","date_gmt":"2019-12-23T09:34:38","guid":{"rendered":"https:\/\/www.produccions.tv\/torneig-xap-padel-2018\/"},"modified":"2024-02-19T11:33:16","modified_gmt":"2024-02-19T12:33:16","slug":"torneo-xap-padel-2018","status":"publish","type":"project","link":"https:\/\/www.produccions.tv\/es\/project\/torneo-xap-padel-2018\/","title":{"rendered":"Torneo XAP P\u00e0del 2018"},"content":{"rendered":"<p>[et_pb_section fb_built=\u00bb1&#8243; admin_label=\u00bbM\u00f3dulo Productora audiovisual\u00bb module_class=\u00bbproject-top-header\u00bb _builder_version=\u00bb4.16&#8243; background_color=\u00bbrgba(0,0,0,0)\u00bb background_image=\u00bbhttps:\/\/www.produccions.tv\/wp-content\/uploads\/2019\/10\/back-video.jpg\u00bb background_video_mp4=\u00bbhttps:\/\/gcs-vimeo.akamaized.net\/exp=1577107874~acl=%2A%2F1191942528.mp4%2A~hmac=b77c913b8188bf752ec73f13e3e06bc223fb088dccb22c51cc479ee73d5622dc\/vimeo-prod-skyfire-std-us\/01\/1969\/12\/309849641\/1191942528.mp4&#8243; background_video_webm=\u00bbhttps:\/\/gcs-vimeo.akamaized.net\/exp=1577107874~acl=%2A%2F1191942528.mp4%2A~hmac=b77c913b8188bf752ec73f13e3e06bc223fb088dccb22c51cc479ee73d5622dc\/vimeo-prod-skyfire-std-us\/01\/1969\/12\/309849641\/1191942528.mp4&#8243; background_video_width=\u00bb100%\u00bb background_video_height=\u00bb100%\u00bb allow_player_pause=\u00bbon\u00bb custom_padding=\u00bb134px|11px|54px|0px|false|false\u00bb global_colors_info=\u00bb{}\u00bb][\/et_pb_section][et_pb_section fb_built=\u00bb1&#8243; _builder_version=\u00bb4.16&#8243; background_color=\u00bb#232323&#8243; custom_margin=\u00bb||||false|false\u00bb custom_padding=\u00bb34px||72px|78px|false|false\u00bb global_colors_info=\u00bb{}\u00bb][et_pb_row _builder_version=\u00bb4.16&#8243; width=\u00bb100%\u00bb max_width=\u00bb100%\u00bb global_colors_info=\u00bb{}\u00bb][et_pb_column type=\u00bb4_4&#8243; _builder_version=\u00bb4.16&#8243; global_colors_info=\u00bb{}\u00bb][et_pb_post_title meta=\u00bboff\u00bb featured_image=\u00bboff\u00bb text_color=\u00bblight\u00bb _builder_version=\u00bb4.16&#8243; title_font_size=\u00bb64px\u00bb text_shadow_style=\u00bbpreset3&#8243; global_colors_info=\u00bb{}\u00bb][\/et_pb_post_title][\/et_pb_column][\/et_pb_row][et_pb_row column_structure=\u00bb1_5,3_5,1_5&#8243; _builder_version=\u00bb4.16&#8243; width=\u00bb100%\u00bb max_width=\u00bb100%\u00bb custom_padding=\u00bb43px|||||\u00bb global_colors_info=\u00bb{}\u00bb][et_pb_column type=\u00bb1_5&#8243; _builder_version=\u00bb4.16&#8243; global_colors_info=\u00bb{}\u00bb][et_pb_text module_class=\u00bbproject-info\u00bb _builder_version=\u00bb4.16&#8243; text_text_color=\u00bb#ffffff\u00bb text_font_size=\u00bb20px\u00bb global_colors_info=\u00bb{}\u00bb]<\/p>\n<p><strong>Cliente:<\/strong> Grupo Constant<br \/><strong>Proyecto:<\/strong> Video evento<br \/><strong>Agencia:<\/strong> Feedback MP<br \/><strong>Fecha:<\/strong> 2018<\/p>\n<p>[\/et_pb_text][\/et_pb_column][et_pb_column type=\u00bb3_5&#8243; _builder_version=\u00bb4.16&#8243; global_colors_info=\u00bb{}\u00bb][et_pb_text module_class=\u00bbproject-text\u00bb _builder_version=\u00bb4.16&#8243; text_text_color=\u00bb#ffffff\u00bb text_font_size=\u00bb20px\u00bb custom_css_main_element=\u00bbcolumn-count: 2;column-fill: auto; height:320px;\u00bb global_colors_info=\u00bb{}\u00bb]<\/p>\n<p class=\"p1\"><span class=\"s1\">Dentro de los eventos solidarios en los que Punt TV ha participado durante el 2018, se encuentra la segunda edici\u00f3n del Torneo XAP P\u00e1del organizado por Grupo Constant. En esta edici\u00f3n han participado, como padrinos del acto, Carles Puyol ex jugador del FC Barcelona<span class=\"Apple-converted-space\">  <\/span>y el jugador de padel profesional Fernando Belastegu\u00edn.<\/span><\/p>\n<p class=\"p1\"><span class=\"s1\">El evento ha recaudado fondos para ayudar a la lucha contra el c\u00e1ncer infantil, concretamente en el proyecto del Pediatric Cancer Center del Hospital Sant Joan de D\u00e9u de Barcelona. En el torneo han participado m\u00e1s de 320 jugadores e invitados como Gerard Piqu\u00e9, Eric Abidal y Enric Masip. La realizaci\u00f3n del v\u00eddeo sirve para difundir la iniciativa e incrementar las donaciones al proyecto. En esta ocasi\u00f3n, Punt TV ha trabajado con la agencia de comunicaci\u00f3n Feedback MP.<\/span><\/p>\n<p>[\/et_pb_text][\/et_pb_column][et_pb_column type=\u00bb1_5&#8243; _builder_version=\u00bb4.16&#8243; global_colors_info=\u00bb{}\u00bb][\/et_pb_column][\/et_pb_row][\/et_pb_section]<\/p>\n","protected":false},"excerpt":{"rendered":"<p>2018 &#8211; Grupo Constant<\/p>\n","protected":false},"author":4,"featured_media":8071,"comment_status":"closed","ping_status":"closed","template":"","meta":{"_acf_changed":false,"_et_pb_use_builder":"on","_et_pb_old_content":"","_et_gb_content_width":"","content-type":""},"project_category":[179],"project_tag":[],"acf":[],"_links":{"self":[{"href":"https:\/\/www.produccions.tv\/es\/wp-json\/wp\/v2\/project\/8070"}],"collection":[{"href":"https:\/\/www.produccions.tv\/es\/wp-json\/wp\/v2\/project"}],"about":[{"href":"https:\/\/www.produccions.tv\/es\/wp-json\/wp\/v2\/types\/project"}],"author":[{"embeddable":true,"href":"https:\/\/www.produccions.tv\/es\/wp-json\/wp\/v2\/users\/4"}],"replies":[{"embeddable":true,"href":"https:\/\/www.produccions.tv\/es\/wp-json\/wp\/v2\/comments?post=8070"}],"version-history":[{"count":6,"href":"https:\/\/www.produccions.tv\/es\/wp-json\/wp\/v2\/project\/8070\/revisions"}],"predecessor-version":[{"id":12618,"href":"https:\/\/www.produccions.tv\/es\/wp-json\/wp\/v2\/project\/8070\/revisions\/12618"}],"wp:featuredmedia":[{"embeddable":true,"href":"https:\/\/www.produccions.tv\/es\/wp-json\/wp\/v2\/media\/8071"}],"wp:attachment":[{"href":"https:\/\/www.produccions.tv\/es\/wp-json\/wp\/v2\/media?parent=8070"}],"wp:term":[{"taxonomy":"project_category","embeddable":true,"href":"https:\/\/www.produccions.tv\/es\/wp-json\/wp\/v2\/project_category?post=8070"},{"taxonomy":"project_tag","embeddable":true,"href":"https:\/\/www.produccions.tv\/es\/wp-json\/wp\/v2\/project_tag?post=8070"}],"curies":[{"name":"wp","href":"https:\/\/api.w.org\/{rel}","templated":true}]}}

Torneo XAP Pàdel 2018

<p>[et_pb_section fb_built=»1&#8243; admin_label=»Módulo Productora audiovisual» module_class=»project-top-header» _builder_version=»4.16&#8243; background_color=»rgba(0,0,0,0)» background_image=»https://www.produccions.tv/wp-content/uploads/2019/10/back-video.jpg» background_video_mp4=»https://gcs-vimeo.akamaized.net/exp=1577107874~acl=%2A%2F1191942528.mp4%2A~hmac=b77c913b8188bf752ec73f13e3e06bc223fb088dccb22c51cc479ee73d5622dc/vimeo-prod-skyfire-std-us/01/1969/12/309849641/1191942528.mp4&#8243; background_video_webm=»https://gcs-vimeo.akamaized.net/exp=1577107874~acl=%2A%2F1191942528.mp4%2A~hmac=b77c913b8188bf752ec73f13e3e06bc223fb088dccb22c51cc479ee73d5622dc/vimeo-prod-skyfire-std-us/01/1969/12/309849641/1191942528.mp4&#8243; background_video_width=»100%» background_video_height=»100%» allow_player_pause=»on» custom_padding=»134px|11px|54px|0px|false|false» global_colors_info=»{}»][/et_pb_section][et_pb_section fb_built=»1&#8243; _builder_version=»4.16&#8243; background_color=»#232323&#8243; custom_margin=»||||false|false» custom_padding=»34px||72px|78px|false|false» global_colors_info=»{}»][et_pb_row _builder_version=»4.16&#8243; width=»100%» max_width=»100%» global_colors_info=»{}»][et_pb_column type=»4_4&#8243; _builder_version=»4.16&#8243; global_colors_info=»{}»][et_pb_post_title meta=»off» featured_image=»off» text_color=»light» _builder_version=»4.16&#8243; title_font_size=»64px» text_shadow_style=»preset3&#8243; global_colors_info=»{}»][/et_pb_post_title][/et_pb_column][/et_pb_row][et_pb_row column_structure=»1_5,3_5,1_5&#8243; _builder_version=»4.16&#8243; width=»100%» max_width=»100%» custom_padding=»43px|||||» global_colors_info=»{}»][et_pb_column type=»1_5&#8243; _builder_version=»4.16&#8243; global_colors_info=»{}»][et_pb_text module_class=»project-info» _builder_version=»4.16&#8243; text_text_color=»#ffffff» text_font_size=»20px» global_colors_info=»{}»]</p>
<p><strong>Cliente:</strong> Grupo Constant<br /><strong>Proyecto:</strong> Video evento<br /><strong>Agencia:</strong> Feedback MP<br /><strong>Fecha:</strong> 2018</p>
<p>[/et_pb_text][/et_pb_column][et_pb_column type=»3_5&#8243; _builder_version=»4.16&#8243; global_colors_info=»{}»][et_pb_text module_class=»project-text» _builder_version=»4.16&#8243; text_text_color=»#ffffff» text_font_size=»20px» custom_css_main_element=»column-count: 2;column-fill: auto; height:320px;» global_colors_info=»{}»]</p>
<p class="p1"><span class="s1">Dentro de los eventos solidarios en los que Punt TV ha participado durante el 2018, se encuentra la segunda edición del Torneo XAP Pádel organizado por Grupo Constant. En esta edición han participado, como padrinos del acto, Carles Puyol ex jugador del FC Barcelona<span class="Apple-converted-space">  </span>y el jugador de padel profesional Fernando Belasteguín.</span></p>
<p class="p1"><span class="s1">El evento ha recaudado fondos para ayudar a la lucha contra el cáncer infantil, concretamente en el proyecto del Pediatric Cancer Center del Hospital Sant Joan de Déu de Barcelona. En el torneo han participado más de 320 jugadores e invitados como Gerard Piqué, Eric Abidal y Enric Masip. La realización del vídeo sirve para difundir la iniciativa e incrementar las donaciones al proyecto. En esta ocasión, Punt TV ha trabajado con la agencia de comunicación Feedback MP.</span></p>
<p>[/et_pb_text][/et_pb_column][et_pb_column type=»1_5&#8243; _builder_version=»4.16&#8243; global_colors_info=»{}»][/et_pb_column][/et_pb_row][/et_pb_section]</p>
