{"id":8107,"date":"2019-12-23T09:28:06","date_gmt":"2019-12-23T09:28:06","guid":{"rendered":"https:\/\/www.produccions.tv\/requiem-de-verdi\/"},"modified":"2024-02-19T11:40:56","modified_gmt":"2024-02-19T12:40:56","slug":"requiem-de-verdi-tve","status":"publish","type":"project","link":"https:\/\/www.produccions.tv\/es\/project\/requiem-de-verdi-tve\/","title":{"rendered":"Requiem de Verdi TVE"},"content":{"rendered":"<p>[et_pb_section fb_built=\u00bb1&#8243; admin_label=\u00bbM\u00f3dulo Productora audiovisual\u00bb module_class=\u00bbproject-top-header\u00bb _builder_version=\u00bb4.16&#8243; background_color=\u00bbrgba(0,0,0,0)\u00bb background_image=\u00bbhttps:\/\/www.produccions.tv\/wp-content\/uploads\/2019\/10\/back-video.jpg\u00bb background_video_mp4=\u00bbhttps:\/\/gcs-vimeo.akamaized.net\/exp=1577113677~acl=%2A%2F1192866524.mp4%2A~hmac=419f7d257b9b58092527bed6072d95aa09ee29603a8b2ff26f893ee5b60fe65f\/vimeo-prod-skyfire-std-us\/01\/2009\/12\/310046204\/1192866524.mp4&#8243; background_video_webm=\u00bbhttps:\/\/gcs-vimeo.akamaized.net\/exp=1577113677~acl=%2A%2F1192866524.mp4%2A~hmac=419f7d257b9b58092527bed6072d95aa09ee29603a8b2ff26f893ee5b60fe65f\/vimeo-prod-skyfire-std-us\/01\/2009\/12\/310046204\/1192866524.mp4&#8243; background_video_width=\u00bb100%\u00bb background_video_height=\u00bb100%\u00bb allow_player_pause=\u00bbon\u00bb custom_padding=\u00bb134px|11px|54px|0px|false|false\u00bb global_colors_info=\u00bb{}\u00bb][\/et_pb_section][et_pb_section fb_built=\u00bb1&#8243; _builder_version=\u00bb4.16&#8243; background_color=\u00bb#232323&#8243; custom_margin=\u00bb||||false|false\u00bb custom_padding=\u00bb34px||72px|78px|false|false\u00bb global_colors_info=\u00bb{}\u00bb][et_pb_row _builder_version=\u00bb4.16&#8243; width=\u00bb100%\u00bb max_width=\u00bb100%\u00bb global_colors_info=\u00bb{}\u00bb][et_pb_column type=\u00bb4_4&#8243; _builder_version=\u00bb4.16&#8243; global_colors_info=\u00bb{}\u00bb][et_pb_post_title meta=\u00bboff\u00bb featured_image=\u00bboff\u00bb text_color=\u00bblight\u00bb _builder_version=\u00bb4.16&#8243; title_font_size=\u00bb64px\u00bb text_shadow_style=\u00bbpreset3&#8243; global_colors_info=\u00bb{}\u00bb][\/et_pb_post_title][\/et_pb_column][\/et_pb_row][et_pb_row column_structure=\u00bb1_5,3_5,1_5&#8243; _builder_version=\u00bb4.16&#8243; width=\u00bb100%\u00bb max_width=\u00bb100%\u00bb custom_padding=\u00bb43px|||||\u00bb global_colors_info=\u00bb{}\u00bb][et_pb_column type=\u00bb1_5&#8243; _builder_version=\u00bb4.16&#8243; global_colors_info=\u00bb{}\u00bb][et_pb_text module_class=\u00bbproject-info\u00bb _builder_version=\u00bb4.16&#8243; text_text_color=\u00bb#ffffff\u00bb text_font_size=\u00bb20px\u00bb global_colors_info=\u00bb{}\u00bb]<\/p>\n<p><strong>Cliente:<\/strong> Festival Castell de Peralada<br \/><strong>Proyecto:<\/strong> Realizaci\u00f3n multic\u00e1mara<br \/><strong>Fecha:<\/strong> 2018<\/p>\n<p>[\/et_pb_text][\/et_pb_column][et_pb_column type=\u00bb3_5&#8243; _builder_version=\u00bb4.16&#8243; global_colors_info=\u00bb{}\u00bb][et_pb_text module_class=\u00bbproject-text\u00bb _builder_version=\u00bb4.16&#8243; text_text_color=\u00bb#ffffff\u00bb text_font_size=\u00bb20px\u00bb custom_css_main_element=\u00bbcolumn-count: 2;column-fill: auto; height:320px;\u00bb global_colors_info=\u00bb{}\u00bb]<\/p>\n<p><span class=\"s1\">La edici\u00f3n 2018 del Festival Castell de Peralada se inaugur\u00f3 con el R\u00e9quiem de Verdi en memoria de Carme Mateu de Suqu\u00e9 interpretado por<\/span><span class=\"s1\"> la Orquesta Sinf\u00f3nica de Barcelona y Nacional de Catalunya y el coro Intermezzo. <\/span><span class=\"s1\">Punttv se volc\u00f3 de lleno montando una sala de realizaci\u00f3n en directo en el mismo auditorio y haciendo un despliegue de 8 operadores de c\u00e1mara. <\/span><span class=\"s1\"> El audiovisual resultante fue emitido por Televisi\u00f3n Espa\u00f1ola el 1 de noviembre de 2018.<\/span><\/p>\n<p>[\/et_pb_text][\/et_pb_column][et_pb_column type=\u00bb1_5&#8243; _builder_version=\u00bb4.16&#8243; global_colors_info=\u00bb{}\u00bb][\/et_pb_column][\/et_pb_row][\/et_pb_section]<\/p>\n","protected":false},"excerpt":{"rendered":"<p>2018 &#8211; Festival Castell de Peralada<\/p>\n","protected":false},"author":4,"featured_media":8108,"comment_status":"closed","ping_status":"closed","template":"","meta":{"_acf_changed":false,"_et_pb_use_builder":"on","_et_pb_old_content":"","_et_gb_content_width":"","content-type":""},"project_category":[202,178],"project_tag":[],"acf":[],"_links":{"self":[{"href":"https:\/\/www.produccions.tv\/es\/wp-json\/wp\/v2\/project\/8107"}],"collection":[{"href":"https:\/\/www.produccions.tv\/es\/wp-json\/wp\/v2\/project"}],"about":[{"href":"https:\/\/www.produccions.tv\/es\/wp-json\/wp\/v2\/types\/project"}],"author":[{"embeddable":true,"href":"https:\/\/www.produccions.tv\/es\/wp-json\/wp\/v2\/users\/4"}],"replies":[{"embeddable":true,"href":"https:\/\/www.produccions.tv\/es\/wp-json\/wp\/v2\/comments?post=8107"}],"version-history":[{"count":8,"href":"https:\/\/www.produccions.tv\/es\/wp-json\/wp\/v2\/project\/8107\/revisions"}],"predecessor-version":[{"id":12639,"href":"https:\/\/www.produccions.tv\/es\/wp-json\/wp\/v2\/project\/8107\/revisions\/12639"}],"wp:featuredmedia":[{"embeddable":true,"href":"https:\/\/www.produccions.tv\/es\/wp-json\/wp\/v2\/media\/8108"}],"wp:attachment":[{"href":"https:\/\/www.produccions.tv\/es\/wp-json\/wp\/v2\/media?parent=8107"}],"wp:term":[{"taxonomy":"project_category","embeddable":true,"href":"https:\/\/www.produccions.tv\/es\/wp-json\/wp\/v2\/project_category?post=8107"},{"taxonomy":"project_tag","embeddable":true,"href":"https:\/\/www.produccions.tv\/es\/wp-json\/wp\/v2\/project_tag?post=8107"}],"curies":[{"name":"wp","href":"https:\/\/api.w.org\/{rel}","templated":true}]}}

<p>[et_pb_section fb_built=»1&#8243; admin_label=»Módulo Productora audiovisual» module_class=»project-top-header» _builder_version=»4.16&#8243; background_color=»rgba(0,0,0,0)» background_image=»https://www.produccions.tv/wp-content/uploads/2019/10/back-video.jpg» background_video_mp4=»https://gcs-vimeo.akamaized.net/exp=1577113677~acl=%2A%2F1192866524.mp4%2A~hmac=419f7d257b9b58092527bed6072d95aa09ee29603a8b2ff26f893ee5b60fe65f/vimeo-prod-skyfire-std-us/01/2009/12/310046204/1192866524.mp4&#8243; background_video_webm=»https://gcs-vimeo.akamaized.net/exp=1577113677~acl=%2A%2F1192866524.mp4%2A~hmac=419f7d257b9b58092527bed6072d95aa09ee29603a8b2ff26f893ee5b60fe65f/vimeo-prod-skyfire-std-us/01/2009/12/310046204/1192866524.mp4&#8243; background_video_width=»100%» background_video_height=»100%» allow_player_pause=»on» custom_padding=»134px|11px|54px|0px|false|false» global_colors_info=»{}»][/et_pb_section][et_pb_section fb_built=»1&#8243; _builder_version=»4.16&#8243; background_color=»#232323&#8243; custom_margin=»||||false|false» custom_padding=»34px||72px|78px|false|false» global_colors_info=»{}»][et_pb_row _builder_version=»4.16&#8243; width=»100%» max_width=»100%» global_colors_info=»{}»][et_pb_column type=»4_4&#8243; _builder_version=»4.16&#8243; global_colors_info=»{}»][et_pb_post_title meta=»off» featured_image=»off» text_color=»light» _builder_version=»4.16&#8243; title_font_size=»64px» text_shadow_style=»preset3&#8243; global_colors_info=»{}»][/et_pb_post_title][/et_pb_column][/et_pb_row][et_pb_row column_structure=»1_5,3_5,1_5&#8243; _builder_version=»4.16&#8243; width=»100%» max_width=»100%» custom_padding=»43px|||||» global_colors_info=»{}»][et_pb_column type=»1_5&#8243; _builder_version=»4.16&#8243; global_colors_info=»{}»][et_pb_text module_class=»project-info» _builder_version=»4.16&#8243; text_text_color=»#ffffff» text_font_size=»20px» global_colors_info=»{}»]</p>
<p><strong>Cliente:</strong> Festival Castell de Peralada<br /><strong>Proyecto:</strong> Realización multicámara<br /><strong>Fecha:</strong> 2018</p>
<p>[/et_pb_text][/et_pb_column][et_pb_column type=»3_5&#8243; _builder_version=»4.16&#8243; global_colors_info=»{}»][et_pb_text module_class=»project-text» _builder_version=»4.16&#8243; text_text_color=»#ffffff» text_font_size=»20px» custom_css_main_element=»column-count: 2;column-fill: auto; height:320px;» global_colors_info=»{}»]</p>
<p><span class="s1">La edición 2018 del Festival Castell de Peralada se inauguró con el Réquiem de Verdi en memoria de Carme Mateu de Suqué interpretado por</span><span class="s1"> la Orquesta Sinfónica de Barcelona y Nacional de Catalunya y el coro Intermezzo. </span><span class="s1">Punttv se volcó de lleno montando una sala de realización en directo en el mismo auditorio y haciendo un despliegue de 8 operadores de cámara. </span><span class="s1"> El audiovisual resultante fue emitido por Televisión Española el 1 de noviembre de 2018.</span></p>
<p>[/et_pb_text][/et_pb_column][et_pb_column type=»1_5&#8243; _builder_version=»4.16&#8243; global_colors_info=»{}»][/et_pb_column][/et_pb_row][/et_pb_section]</p>
