{"id":8320,"date":"2019-12-23T08:51:36","date_gmt":"2019-12-23T08:51:36","guid":{"rendered":"https:\/\/www.produccions.tv\/6e-sopar-solidari-vallformosa\/"},"modified":"2024-02-19T13:09:30","modified_gmt":"2024-02-19T14:09:30","slug":"6-cena-solidaria-vallformosa","status":"publish","type":"project","link":"https:\/\/www.produccions.tv\/es\/project\/6-cena-solidaria-vallformosa\/","title":{"rendered":"6a Cena Solidaria Vallformosa"},"content":{"rendered":"<p>[et_pb_section fb_built=\u00bb1&#8243; admin_label=\u00bbM\u00f3dulo Productora audiovisual\u00bb module_class=\u00bbproject-top-header\u00bb _builder_version=\u00bb4.16&#8243; background_color=\u00bbrgba(0,0,0,0)\u00bb background_image=\u00bbhttps:\/\/www.produccions.tv\/wp-content\/uploads\/2019\/10\/back-video.jpg\u00bb background_video_mp4=\u00bbhttps:\/\/vimeo.com\/374900564&#8243; background_video_webm=\u00bbhttps:\/\/vimeo.com\/374900564&#8243; background_video_width=\u00bb100%\u00bb background_video_height=\u00bb100%\u00bb allow_player_pause=\u00bbon\u00bb custom_padding=\u00bb134px|11px|54px|0px|false|false\u00bb global_colors_info=\u00bb{}\u00bb][\/et_pb_section][et_pb_section fb_built=\u00bb1&#8243; _builder_version=\u00bb4.16&#8243; background_color=\u00bb#232323&#8243; custom_margin=\u00bb||||false|false\u00bb custom_padding=\u00bb34px||72px|78px|false|false\u00bb global_colors_info=\u00bb{}\u00bb][et_pb_row _builder_version=\u00bb4.16&#8243; width=\u00bb100%\u00bb max_width=\u00bb100%\u00bb global_colors_info=\u00bb{}\u00bb][et_pb_column type=\u00bb4_4&#8243; _builder_version=\u00bb4.16&#8243; global_colors_info=\u00bb{}\u00bb][et_pb_post_title meta=\u00bboff\u00bb featured_image=\u00bboff\u00bb text_color=\u00bblight\u00bb _builder_version=\u00bb4.16&#8243; title_font_size=\u00bb64px\u00bb text_shadow_style=\u00bbpreset3&#8243; global_colors_info=\u00bb{}\u00bb][\/et_pb_post_title][\/et_pb_column][\/et_pb_row][et_pb_row column_structure=\u00bb1_5,3_5,1_5&#8243; _builder_version=\u00bb4.16&#8243; width=\u00bb100%\u00bb max_width=\u00bb100%\u00bb custom_padding=\u00bb43px|||||\u00bb global_colors_info=\u00bb{}\u00bb][et_pb_column type=\u00bb1_5&#8243; _builder_version=\u00bb4.16&#8243; global_colors_info=\u00bb{}\u00bb][et_pb_text module_class=\u00bbproject-info\u00bb _builder_version=\u00bb4.16&#8243; text_text_color=\u00bb#ffffff\u00bb text_font_size=\u00bb20px\u00bb global_colors_info=\u00bb{}\u00bb]<\/p>\n<p><strong>Cliente:<\/strong> Vallformosa<br \/><strong>Proyecto:<\/strong> Video evento<br \/><strong>Fecha:<\/strong> 2015<\/p>\n<p>[\/et_pb_text][\/et_pb_column][et_pb_column type=\u00bb3_5&#8243; _builder_version=\u00bb4.16&#8243; global_colors_info=\u00bb{}\u00bb][et_pb_text module_class=\u00bbproject-text\u00bb _builder_version=\u00bb4.16&#8243; text_text_color=\u00bb#ffffff\u00bb text_font_size=\u00bb20px\u00bb custom_css_main_element=\u00bbcolumn-count: 2;column-fill: auto; height:320px;\u00bb global_colors_info=\u00bb{}\u00bb]<\/p>\n<p class=\"p1\">La Cena Solidaria por la lucha contra el c\u00e1ncer que organiza anualmente la bodega Vallformosa alcanz\u00f3 su sexta edici\u00f3n y recaud\u00f3 su m\u00e1ximo hist\u00f3rico: 23.529 euros.<span class=\"Apple-converted-space\"> El 80% de la recaudaci\u00f3n ir\u00e1 destinado al ICO y el 20% a la asociaci\u00f3n del Pened\u00e8s Ampert.<\/span><\/p>\n<p class=\"p1\">\u00c9ste es un acto solidario donde se suman muchos esfuerzos por parte de diferentes entidades, empresas y particulares para recoger fondos para la lucha contra el c\u00e1ncer. En este sentido Punt TV ha querido colaborar, realizando este v\u00eddeo evento, de forma totalmente desinteresada para dar su granito de arena por la lucha contra el c\u00e1ncer.<\/p>\n<p>[\/et_pb_text][\/et_pb_column][et_pb_column type=\u00bb1_5&#8243; _builder_version=\u00bb4.16&#8243; global_colors_info=\u00bb{}\u00bb][\/et_pb_column][\/et_pb_row][\/et_pb_section]<\/p>\n","protected":false},"excerpt":{"rendered":"<p>2015 &#8211; Vallformosa<\/p>\n","protected":false},"author":4,"featured_media":6554,"comment_status":"closed","ping_status":"closed","template":"","meta":{"_acf_changed":false,"_et_pb_use_builder":"on","_et_pb_old_content":"","_et_gb_content_width":"","content-type":""},"project_category":[179],"project_tag":[],"acf":[],"_links":{"self":[{"href":"https:\/\/www.produccions.tv\/es\/wp-json\/wp\/v2\/project\/8320"}],"collection":[{"href":"https:\/\/www.produccions.tv\/es\/wp-json\/wp\/v2\/project"}],"about":[{"href":"https:\/\/www.produccions.tv\/es\/wp-json\/wp\/v2\/types\/project"}],"author":[{"embeddable":true,"href":"https:\/\/www.produccions.tv\/es\/wp-json\/wp\/v2\/users\/4"}],"replies":[{"embeddable":true,"href":"https:\/\/www.produccions.tv\/es\/wp-json\/wp\/v2\/comments?post=8320"}],"version-history":[{"count":6,"href":"https:\/\/www.produccions.tv\/es\/wp-json\/wp\/v2\/project\/8320\/revisions"}],"predecessor-version":[{"id":12768,"href":"https:\/\/www.produccions.tv\/es\/wp-json\/wp\/v2\/project\/8320\/revisions\/12768"}],"wp:featuredmedia":[{"embeddable":true,"href":"https:\/\/www.produccions.tv\/es\/wp-json\/wp\/v2\/media\/6554"}],"wp:attachment":[{"href":"https:\/\/www.produccions.tv\/es\/wp-json\/wp\/v2\/media?parent=8320"}],"wp:term":[{"taxonomy":"project_category","embeddable":true,"href":"https:\/\/www.produccions.tv\/es\/wp-json\/wp\/v2\/project_category?post=8320"},{"taxonomy":"project_tag","embeddable":true,"href":"https:\/\/www.produccions.tv\/es\/wp-json\/wp\/v2\/project_tag?post=8320"}],"curies":[{"name":"wp","href":"https:\/\/api.w.org\/{rel}","templated":true}]}}

<p>[et_pb_section fb_built=»1&#8243; admin_label=»Módulo Productora audiovisual» module_class=»project-top-header» _builder_version=»4.16&#8243; background_color=»rgba(0,0,0,0)» background_image=»https://www.produccions.tv/wp-content/uploads/2019/10/back-video.jpg» background_video_mp4=»https://vimeo.com/374900564&#8243; background_video_webm=»https://vimeo.com/374900564&#8243; background_video_width=»100%» background_video_height=»100%» allow_player_pause=»on» custom_padding=»134px|11px|54px|0px|false|false» global_colors_info=»{}»][/et_pb_section][et_pb_section fb_built=»1&#8243; _builder_version=»4.16&#8243; background_color=»#232323&#8243; custom_margin=»||||false|false» custom_padding=»34px||72px|78px|false|false» global_colors_info=»{}»][et_pb_row _builder_version=»4.16&#8243; width=»100%» max_width=»100%» global_colors_info=»{}»][et_pb_column type=»4_4&#8243; _builder_version=»4.16&#8243; global_colors_info=»{}»][et_pb_post_title meta=»off» featured_image=»off» text_color=»light» _builder_version=»4.16&#8243; title_font_size=»64px» text_shadow_style=»preset3&#8243; global_colors_info=»{}»][/et_pb_post_title][/et_pb_column][/et_pb_row][et_pb_row column_structure=»1_5,3_5,1_5&#8243; _builder_version=»4.16&#8243; width=»100%» max_width=»100%» custom_padding=»43px|||||» global_colors_info=»{}»][et_pb_column type=»1_5&#8243; _builder_version=»4.16&#8243; global_colors_info=»{}»][et_pb_text module_class=»project-info» _builder_version=»4.16&#8243; text_text_color=»#ffffff» text_font_size=»20px» global_colors_info=»{}»]</p>
<p><strong>Cliente:</strong> Vallformosa<br /><strong>Proyecto:</strong> Video evento<br /><strong>Fecha:</strong> 2015</p>
<p>[/et_pb_text][/et_pb_column][et_pb_column type=»3_5&#8243; _builder_version=»4.16&#8243; global_colors_info=»{}»][et_pb_text module_class=»project-text» _builder_version=»4.16&#8243; text_text_color=»#ffffff» text_font_size=»20px» custom_css_main_element=»column-count: 2;column-fill: auto; height:320px;» global_colors_info=»{}»]</p>
<p class="p1">La Cena Solidaria por la lucha contra el cáncer que organiza anualmente la bodega Vallformosa alcanzó su sexta edición y recaudó su máximo histórico: 23.529 euros.<span class="Apple-converted-space"> El 80% de la recaudación irá destinado al ICO y el 20% a la asociación del Penedès Ampert.</span></p>
<p class="p1">Éste es un acto solidario donde se suman muchos esfuerzos por parte de diferentes entidades, empresas y particulares para recoger fondos para la lucha contra el cáncer. En este sentido Punt TV ha querido colaborar, realizando este vídeo evento, de forma totalmente desinteresada para dar su granito de arena por la lucha contra el cáncer.</p>
<p>[/et_pb_text][/et_pb_column][et_pb_column type=»1_5&#8243; _builder_version=»4.16&#8243; global_colors_info=»{}»][/et_pb_column][/et_pb_row][/et_pb_section]</p>
