{"id":8441,"date":"2019-12-23T08:34:29","date_gmt":"2019-12-23T08:34:29","guid":{"rendered":"https:\/\/www.produccions.tv\/streaming-covides\/"},"modified":"2024-02-19T13:44:11","modified_gmt":"2024-02-19T14:44:11","slug":"streaming-covides","status":"publish","type":"project","link":"https:\/\/www.produccions.tv\/es\/project\/streaming-covides\/","title":{"rendered":"Streaming Covides"},"content":{"rendered":"<p>[et_pb_section fb_built=\u00bb1&#8243; admin_label=\u00bbM\u00f3dulo Productora audiovisual\u00bb module_class=\u00bbproject-top-header\u00bb _builder_version=\u00bb4.16&#8243; background_color=\u00bbrgba(0,0,0,0)\u00bb background_image=\u00bbhttps:\/\/www.produccions.tv\/wp-content\/uploads\/2019\/10\/back-video.jpg\u00bb background_video_mp4=\u00bbhttps:\/\/vimeo.com\/374900564&#8243; background_video_webm=\u00bbhttps:\/\/vimeo.com\/374900564&#8243; background_video_width=\u00bb100%\u00bb background_video_height=\u00bb100%\u00bb allow_player_pause=\u00bbon\u00bb custom_padding=\u00bb134px|11px|54px|0px|false|false\u00bb global_colors_info=\u00bb{}\u00bb][\/et_pb_section][et_pb_section fb_built=\u00bb1&#8243; _builder_version=\u00bb4.16&#8243; background_color=\u00bb#232323&#8243; custom_margin=\u00bb||||false|false\u00bb custom_padding=\u00bb34px||72px|78px|false|false\u00bb global_colors_info=\u00bb{}\u00bb][et_pb_row _builder_version=\u00bb4.16&#8243; width=\u00bb100%\u00bb max_width=\u00bb100%\u00bb global_colors_info=\u00bb{}\u00bb][et_pb_column type=\u00bb4_4&#8243; _builder_version=\u00bb4.16&#8243; global_colors_info=\u00bb{}\u00bb][et_pb_post_title meta=\u00bboff\u00bb featured_image=\u00bboff\u00bb text_color=\u00bblight\u00bb _builder_version=\u00bb4.16&#8243; title_font_size=\u00bb64px\u00bb text_shadow_style=\u00bbpreset3&#8243; global_colors_info=\u00bb{}\u00bb][\/et_pb_post_title][\/et_pb_column][\/et_pb_row][et_pb_row column_structure=\u00bb1_5,3_5,1_5&#8243; _builder_version=\u00bb4.16&#8243; width=\u00bb100%\u00bb max_width=\u00bb100%\u00bb custom_padding=\u00bb43px|||||\u00bb global_colors_info=\u00bb{}\u00bb][et_pb_column type=\u00bb1_5&#8243; _builder_version=\u00bb4.16&#8243; global_colors_info=\u00bb{}\u00bb][et_pb_text module_class=\u00bbproject-info\u00bb _builder_version=\u00bb4.16&#8243; text_text_color=\u00bb#ffffff\u00bb text_font_size=\u00bb20px\u00bb global_colors_info=\u00bb{}\u00bb]<\/p>\n<p><strong>Cliente:<\/strong> Covides<br \/><strong>Poyecto:<\/strong> Video streaming<br \/><strong>Agencia:<\/strong> Parenthesis Marketing Consulting<br \/><strong>Fecha:<\/strong> 2014<\/p>\n<p>[\/et_pb_text][\/et_pb_column][et_pb_column type=\u00bb3_5&#8243; _builder_version=\u00bb4.16&#8243; global_colors_info=\u00bb{}\u00bb][et_pb_text module_class=\u00bbproject-text\u00bb _builder_version=\u00bb4.16&#8243; text_text_color=\u00bb#ffffff\u00bb text_font_size=\u00bb20px\u00bb custom_css_main_element=\u00bbcolumn-count: 2;column-fill: auto; height:320px;\u00bb global_colors_info=\u00bb{}\u00bb]<\/p>\n<p>La agencia vilafranquina Par\u00e8nthesis Marqueting Consulting encarg\u00f3 a PuntTV la realizaci\u00f3n en streaming del acto central de celebraci\u00f3n de los 50 A\u00f1os de Covides, con la presentaci\u00f3n del libro conmemorativo \u201cCovides 50 Anys (1964-2014)\u201d y el homenaje a los fundadores ya los presidentes de la historia de la cooperativa.<\/p>\n<p>El acto se celebr\u00f3 en el Auditori de Vilafranca y debido a la gran afluencia de p\u00fablico se habilit\u00f3 una pantalla en la sala grande de la Fassina. Esto supuso un gran reto para PuntTV, que tuvo que realizar un gran despliegue t\u00e9cnico para dar cobertura a las necesidades del acto.<\/p>\n<p>En el auditorio colocamos cuatro c\u00e1maras para obtener im\u00e1genes desde diferentes puntos de vista, en la sala de control instalamos una realizaci\u00f3n multic\u00e1mara propia y mediante un radio enlace enviamos la se\u00f1al en streaming al proyector de la Fassina. La se\u00f1al tambi\u00e9n se proyect\u00f3 en directo en el auditorio permitiendo a los espectadores disfrutar de una mejor experiencia visual.<\/p>\n<p>PuntTv tambi\u00e9n hizo el video resumen de la comida conmemorativa de los 50 a\u00f1os de Covides, que cont\u00f3 con la presencia del muy honorable presidente de la Generalitat Artur Mas.<\/p>\n<p>[\/et_pb_text][\/et_pb_column][et_pb_column type=\u00bb1_5&#8243; _builder_version=\u00bb4.16&#8243; global_colors_info=\u00bb{}\u00bb][\/et_pb_column][\/et_pb_row][\/et_pb_section]<\/p>\n","protected":false},"excerpt":{"rendered":"<p>2014 &#8211; Covides<\/p>\n","protected":false},"author":4,"featured_media":6750,"comment_status":"closed","ping_status":"closed","template":"","meta":{"_acf_changed":false,"_et_pb_use_builder":"on","_et_pb_old_content":"","_et_gb_content_width":"","content-type":""},"project_category":[178],"project_tag":[],"acf":[],"_links":{"self":[{"href":"https:\/\/www.produccions.tv\/es\/wp-json\/wp\/v2\/project\/8441"}],"collection":[{"href":"https:\/\/www.produccions.tv\/es\/wp-json\/wp\/v2\/project"}],"about":[{"href":"https:\/\/www.produccions.tv\/es\/wp-json\/wp\/v2\/types\/project"}],"author":[{"embeddable":true,"href":"https:\/\/www.produccions.tv\/es\/wp-json\/wp\/v2\/users\/4"}],"replies":[{"embeddable":true,"href":"https:\/\/www.produccions.tv\/es\/wp-json\/wp\/v2\/comments?post=8441"}],"version-history":[{"count":5,"href":"https:\/\/www.produccions.tv\/es\/wp-json\/wp\/v2\/project\/8441\/revisions"}],"predecessor-version":[{"id":12822,"href":"https:\/\/www.produccions.tv\/es\/wp-json\/wp\/v2\/project\/8441\/revisions\/12822"}],"wp:featuredmedia":[{"embeddable":true,"href":"https:\/\/www.produccions.tv\/es\/wp-json\/wp\/v2\/media\/6750"}],"wp:attachment":[{"href":"https:\/\/www.produccions.tv\/es\/wp-json\/wp\/v2\/media?parent=8441"}],"wp:term":[{"taxonomy":"project_category","embeddable":true,"href":"https:\/\/www.produccions.tv\/es\/wp-json\/wp\/v2\/project_category?post=8441"},{"taxonomy":"project_tag","embeddable":true,"href":"https:\/\/www.produccions.tv\/es\/wp-json\/wp\/v2\/project_tag?post=8441"}],"curies":[{"name":"wp","href":"https:\/\/api.w.org\/{rel}","templated":true}]}}

<p>[et_pb_section fb_built=»1&#8243; admin_label=»Módulo Productora audiovisual» module_class=»project-top-header» _builder_version=»4.16&#8243; background_color=»rgba(0,0,0,0)» background_image=»https://www.produccions.tv/wp-content/uploads/2019/10/back-video.jpg» background_video_mp4=»https://vimeo.com/374900564&#8243; background_video_webm=»https://vimeo.com/374900564&#8243; background_video_width=»100%» background_video_height=»100%» allow_player_pause=»on» custom_padding=»134px|11px|54px|0px|false|false» global_colors_info=»{}»][/et_pb_section][et_pb_section fb_built=»1&#8243; _builder_version=»4.16&#8243; background_color=»#232323&#8243; custom_margin=»||||false|false» custom_padding=»34px||72px|78px|false|false» global_colors_info=»{}»][et_pb_row _builder_version=»4.16&#8243; width=»100%» max_width=»100%» global_colors_info=»{}»][et_pb_column type=»4_4&#8243; _builder_version=»4.16&#8243; global_colors_info=»{}»][et_pb_post_title meta=»off» featured_image=»off» text_color=»light» _builder_version=»4.16&#8243; title_font_size=»64px» text_shadow_style=»preset3&#8243; global_colors_info=»{}»][/et_pb_post_title][/et_pb_column][/et_pb_row][et_pb_row column_structure=»1_5,3_5,1_5&#8243; _builder_version=»4.16&#8243; width=»100%» max_width=»100%» custom_padding=»43px|||||» global_colors_info=»{}»][et_pb_column type=»1_5&#8243; _builder_version=»4.16&#8243; global_colors_info=»{}»][et_pb_text module_class=»project-info» _builder_version=»4.16&#8243; text_text_color=»#ffffff» text_font_size=»20px» global_colors_info=»{}»]</p>
<p><strong>Cliente:</strong> Covides<br /><strong>Poyecto:</strong> Video streaming<br /><strong>Agencia:</strong> Parenthesis Marketing Consulting<br /><strong>Fecha:</strong> 2014</p>
<p>[/et_pb_text][/et_pb_column][et_pb_column type=»3_5&#8243; _builder_version=»4.16&#8243; global_colors_info=»{}»][et_pb_text module_class=»project-text» _builder_version=»4.16&#8243; text_text_color=»#ffffff» text_font_size=»20px» custom_css_main_element=»column-count: 2;column-fill: auto; height:320px;» global_colors_info=»{}»]</p>
<p>La agencia vilafranquina Parènthesis Marqueting Consulting encargó a PuntTV la realización en streaming del acto central de celebración de los 50 Años de Covides, con la presentación del libro conmemorativo “Covides 50 Anys (1964-2014)” y el homenaje a los fundadores ya los presidentes de la historia de la cooperativa.</p>
<p>El acto se celebró en el Auditori de Vilafranca y debido a la gran afluencia de público se habilitó una pantalla en la sala grande de la Fassina. Esto supuso un gran reto para PuntTV, que tuvo que realizar un gran despliegue técnico para dar cobertura a las necesidades del acto.</p>
<p>En el auditorio colocamos cuatro cámaras para obtener imágenes desde diferentes puntos de vista, en la sala de control instalamos una realización multicámara propia y mediante un radio enlace enviamos la señal en streaming al proyector de la Fassina. La señal también se proyectó en directo en el auditorio permitiendo a los espectadores disfrutar de una mejor experiencia visual.</p>
<p>PuntTv también hizo el video resumen de la comida conmemorativa de los 50 años de Covides, que contó con la presencia del muy honorable presidente de la Generalitat Artur Mas.</p>
<p>[/et_pb_text][/et_pb_column][et_pb_column type=»1_5&#8243; _builder_version=»4.16&#8243; global_colors_info=»{}»][/et_pb_column][/et_pb_row][/et_pb_section]</p>
