{"id":8481,"date":"2019-12-23T08:24:52","date_gmt":"2019-12-23T08:24:52","guid":{"rendered":"https:\/\/www.produccions.tv\/festa-major-sant-quinti-de-mediona\/"},"modified":"2024-02-19T13:57:56","modified_gmt":"2024-02-19T14:57:56","slug":"fiesta-mayor-sant-quinti-de-mediona","status":"publish","type":"project","link":"https:\/\/www.produccions.tv\/es\/project\/fiesta-mayor-sant-quinti-de-mediona\/","title":{"rendered":"Festa Major Sant Quint\u00ed de Mediona"},"content":{"rendered":"<p>[et_pb_section fb_built=\u00bb1&#8243; admin_label=\u00bbM\u00f3dulo Productora audiovisual\u00bb module_class=\u00bbproject-top-header\u00bb _builder_version=\u00bb4.16&#8243; background_color=\u00bbrgba(0,0,0,0)\u00bb background_image=\u00bbhttps:\/\/www.produccions.tv\/wp-content\/uploads\/2019\/10\/back-video.jpg\u00bb background_video_mp4=\u00bbhttps:\/\/vimeo.com\/374900564&#8243; background_video_webm=\u00bbhttps:\/\/vimeo.com\/374900564&#8243; background_video_width=\u00bb100%\u00bb background_video_height=\u00bb100%\u00bb allow_player_pause=\u00bbon\u00bb custom_padding=\u00bb134px|11px|54px|0px|false|false\u00bb global_colors_info=\u00bb{}\u00bb][\/et_pb_section][et_pb_section fb_built=\u00bb1&#8243; _builder_version=\u00bb4.16&#8243; background_color=\u00bb#232323&#8243; custom_margin=\u00bb||||false|false\u00bb custom_padding=\u00bb34px||72px|78px|false|false\u00bb global_colors_info=\u00bb{}\u00bb][et_pb_row _builder_version=\u00bb4.16&#8243; width=\u00bb100%\u00bb max_width=\u00bb100%\u00bb global_colors_info=\u00bb{}\u00bb][et_pb_column type=\u00bb4_4&#8243; _builder_version=\u00bb4.16&#8243; global_colors_info=\u00bb{}\u00bb][et_pb_post_title meta=\u00bboff\u00bb featured_image=\u00bboff\u00bb text_color=\u00bblight\u00bb _builder_version=\u00bb4.16&#8243; title_font_size=\u00bb64px\u00bb text_shadow_style=\u00bbpreset3&#8243; global_colors_info=\u00bb{}\u00bb][\/et_pb_post_title][\/et_pb_column][\/et_pb_row][et_pb_row column_structure=\u00bb1_5,3_5,1_5&#8243; _builder_version=\u00bb4.16&#8243; width=\u00bb100%\u00bb max_width=\u00bb100%\u00bb custom_padding=\u00bb43px|||||\u00bb global_colors_info=\u00bb{}\u00bb][et_pb_column type=\u00bb1_5&#8243; _builder_version=\u00bb4.16&#8243; global_colors_info=\u00bb{}\u00bb][et_pb_text module_class=\u00bbproject-info\u00bb _builder_version=\u00bb4.16&#8243; text_text_color=\u00bb#ffffff\u00bb text_font_size=\u00bb20px\u00bb global_colors_info=\u00bb{}\u00bb]<\/p>\n<p><strong>Cliente:<\/strong> Ajuntament de Sant Quint\u00ed de Mediona<br \/><strong>Proyecto:<\/strong> V\u00eddeo evento<br \/><strong>Fecha:<\/strong> 2012<\/p>\n<p>[\/et_pb_text][\/et_pb_column][et_pb_column type=\u00bb3_5&#8243; _builder_version=\u00bb4.16&#8243; global_colors_info=\u00bb{}\u00bb][et_pb_text module_class=\u00bbproject-text\u00bb _builder_version=\u00bb4.16&#8243; text_text_color=\u00bb#ffffff\u00bb text_font_size=\u00bb20px\u00bb custom_css_main_element=\u00bbcolumn-count: 2;column-fill: auto; height:320px;\u00bb global_colors_info=\u00bb{}\u00bb]<\/p>\n<p>Este v\u00eddeo promocional recoge la esencia de uno de los proyectos m\u00e1s atrevidos de PuntTV. Cogiendo el folclore como una de las partes m\u00e1s importantes de la identidad de un pueblo, Punt TV Comunicaci\u00f3 Audiovisual est\u00e1 inmerso en un gran proyecto que pretende conservar, desarrollar y difundir la cultura popular. Un gran despliegue humano y t\u00e9cnico est\u00e1 trabajando en el conjunto de audiovisuales del futuro Centro de Interpretaci\u00f3n Joan Amades y de la Fiesta Mayor de Sant Quint\u00ed de Mediona. Fuego, tabals y bailes tradicionales es lo que se podr\u00e1 ver en el proyecto que apenas ha arrancado y que se ver\u00e1 finalizado en 2014.<br \/>Este v\u00eddeo promocional es una peque\u00f1a cata de un gran proyecto que se ha iniciado para conservar, desarrollar y difundir toda la cultura popular de San Quint\u00edn de Mediona que tiene su fiesta mayor como principal forma de expresi\u00f3n.<\/p>\n<p>[\/et_pb_text][\/et_pb_column][et_pb_column type=\u00bb1_5&#8243; _builder_version=\u00bb4.16&#8243; global_colors_info=\u00bb{}\u00bb][\/et_pb_column][\/et_pb_row][\/et_pb_section]<\/p>\n","protected":false},"excerpt":{"rendered":"<p>2012 &#8211; Ajuntament de Sant Quint\u00ed de Mediona<\/p>\n","protected":false},"author":4,"featured_media":6079,"comment_status":"closed","ping_status":"closed","template":"","meta":{"_acf_changed":false,"_et_pb_use_builder":"on","_et_pb_old_content":"","_et_gb_content_width":"","content-type":""},"project_category":[179],"project_tag":[],"acf":[],"_links":{"self":[{"href":"https:\/\/www.produccions.tv\/es\/wp-json\/wp\/v2\/project\/8481"}],"collection":[{"href":"https:\/\/www.produccions.tv\/es\/wp-json\/wp\/v2\/project"}],"about":[{"href":"https:\/\/www.produccions.tv\/es\/wp-json\/wp\/v2\/types\/project"}],"author":[{"embeddable":true,"href":"https:\/\/www.produccions.tv\/es\/wp-json\/wp\/v2\/users\/4"}],"replies":[{"embeddable":true,"href":"https:\/\/www.produccions.tv\/es\/wp-json\/wp\/v2\/comments?post=8481"}],"version-history":[{"count":5,"href":"https:\/\/www.produccions.tv\/es\/wp-json\/wp\/v2\/project\/8481\/revisions"}],"predecessor-version":[{"id":12870,"href":"https:\/\/www.produccions.tv\/es\/wp-json\/wp\/v2\/project\/8481\/revisions\/12870"}],"wp:featuredmedia":[{"embeddable":true,"href":"https:\/\/www.produccions.tv\/es\/wp-json\/wp\/v2\/media\/6079"}],"wp:attachment":[{"href":"https:\/\/www.produccions.tv\/es\/wp-json\/wp\/v2\/media?parent=8481"}],"wp:term":[{"taxonomy":"project_category","embeddable":true,"href":"https:\/\/www.produccions.tv\/es\/wp-json\/wp\/v2\/project_category?post=8481"},{"taxonomy":"project_tag","embeddable":true,"href":"https:\/\/www.produccions.tv\/es\/wp-json\/wp\/v2\/project_tag?post=8481"}],"curies":[{"name":"wp","href":"https:\/\/api.w.org\/{rel}","templated":true}]}}

Festa Major Sant Quintí de Mediona

<p>[et_pb_section fb_built=»1&#8243; admin_label=»Módulo Productora audiovisual» module_class=»project-top-header» _builder_version=»4.16&#8243; background_color=»rgba(0,0,0,0)» background_image=»https://www.produccions.tv/wp-content/uploads/2019/10/back-video.jpg» background_video_mp4=»https://vimeo.com/374900564&#8243; background_video_webm=»https://vimeo.com/374900564&#8243; background_video_width=»100%» background_video_height=»100%» allow_player_pause=»on» custom_padding=»134px|11px|54px|0px|false|false» global_colors_info=»{}»][/et_pb_section][et_pb_section fb_built=»1&#8243; _builder_version=»4.16&#8243; background_color=»#232323&#8243; custom_margin=»||||false|false» custom_padding=»34px||72px|78px|false|false» global_colors_info=»{}»][et_pb_row _builder_version=»4.16&#8243; width=»100%» max_width=»100%» global_colors_info=»{}»][et_pb_column type=»4_4&#8243; _builder_version=»4.16&#8243; global_colors_info=»{}»][et_pb_post_title meta=»off» featured_image=»off» text_color=»light» _builder_version=»4.16&#8243; title_font_size=»64px» text_shadow_style=»preset3&#8243; global_colors_info=»{}»][/et_pb_post_title][/et_pb_column][/et_pb_row][et_pb_row column_structure=»1_5,3_5,1_5&#8243; _builder_version=»4.16&#8243; width=»100%» max_width=»100%» custom_padding=»43px|||||» global_colors_info=»{}»][et_pb_column type=»1_5&#8243; _builder_version=»4.16&#8243; global_colors_info=»{}»][et_pb_text module_class=»project-info» _builder_version=»4.16&#8243; text_text_color=»#ffffff» text_font_size=»20px» global_colors_info=»{}»]</p>
<p><strong>Cliente:</strong> Ajuntament de Sant Quintí de Mediona<br /><strong>Proyecto:</strong> Vídeo evento<br /><strong>Fecha:</strong> 2012</p>
<p>[/et_pb_text][/et_pb_column][et_pb_column type=»3_5&#8243; _builder_version=»4.16&#8243; global_colors_info=»{}»][et_pb_text module_class=»project-text» _builder_version=»4.16&#8243; text_text_color=»#ffffff» text_font_size=»20px» custom_css_main_element=»column-count: 2;column-fill: auto; height:320px;» global_colors_info=»{}»]</p>
<p>Este vídeo promocional recoge la esencia de uno de los proyectos más atrevidos de PuntTV. Cogiendo el folclore como una de las partes más importantes de la identidad de un pueblo, Punt TV Comunicació Audiovisual está inmerso en un gran proyecto que pretende conservar, desarrollar y difundir la cultura popular. Un gran despliegue humano y técnico está trabajando en el conjunto de audiovisuales del futuro Centro de Interpretación Joan Amades y de la Fiesta Mayor de Sant Quintí de Mediona. Fuego, tabals y bailes tradicionales es lo que se podrá ver en el proyecto que apenas ha arrancado y que se verá finalizado en 2014.<br />Este vídeo promocional es una pequeña cata de un gran proyecto que se ha iniciado para conservar, desarrollar y difundir toda la cultura popular de San Quintín de Mediona que tiene su fiesta mayor como principal forma de expresión.</p>
<p>[/et_pb_text][/et_pb_column][et_pb_column type=»1_5&#8243; _builder_version=»4.16&#8243; global_colors_info=»{}»][/et_pb_column][/et_pb_row][/et_pb_section]</p>

<p>2012 &#8211; Ajuntament de Sant Quintí de Mediona</p>
